 is 442 - -15463?
16235
In base 13, what is -25b67 + -1?
-25b68
In base 10, what is 1241357 + 4?
1241361
In base 14, what is 167c4 - -81?
16865
In base 14, what is -4a4 - a7?
-56b
In base 15, what is -5d43 + -21?
-5d64
In base 8, what is -174 + 121?
-53
In base 8, what is 567553 - -12?
567565
In base 9, what is -1024 - 224?
-1248
In base 14, what is -15874 - -2?
-15872
In base 11, what is 534a - 237?
5113
In base 12, what is 2b - -256?
285
In base 4, what is 22020300 - 120?
22020120
In base 13, what is 195 + -42?
153
In base 15, what is -15de - -583?
-105b
In base 2, what is 1101111111 + 10111000?
10000110111
In base 13, what is -29 + 31839?
31810
In base 4, what is -102300313 - 3?
-102300322
In base 4, what is -112200 - -132?
-112002
In base 16, what is -f5a - -1d?
-f3d
In base 13, what is 3019c0 + -5?
3019b8
In base 11, what is 183886 - -17?
1838a2
In base 10, what is 316 + -114?
202
In base 4, what is 1332202 - -1?
1332203
In base 14, what is -6 + 13d79?
13d73
In base 14, what is 64ac - -a6?
6574
In base 3, what is 20221120 + -10?
20221110
In base 10, what is 198 - 12?
186
In base 4, what is 13223022 - 10?
13223012
In base 16, what is -e7 + -186c?
-1953
In base 15, what is 1586b - -21?
1588c
In base 2, what is -10101111010100001 + -10001?
-10101111010110010
In base 14, what is 3236 - -b?
3243
In base 7, what is -24430 + 13?
-24414
In base 16, what is -5 + 9ff2?
9fed
In base 15, what is -69 - -dc0?
d56
In base 16, what is -92675 + 2?
-92673
In base 13, what is -484018 + 2?
-484016
In base 12, what is -5 + -bb99?
-bba2
In base 15, what is e5 + 137?
22c
In base 16, what is 0 - -5c12?
5c12
In base 14, what is 0 - -104c2?
104c2
In base 16, what is -5 + -27ac0?
-27ac5
In base 7, what is 552331 - 31?
552300
In base 14, what is -192 + 5a?
-136
In base 10, what is 48 + 67125?
67173
In base 13, what is -12 - 228?
-23a
In base 16, what is -25c2 - 1a?
-25dc
In base 9, what is 283456 - -12?
283468
In base 4, what is -1 + 120302312?
120302311
In base 3, what is -11222 + 212111?
200112
In base 5, what is 2144333 - 4?
2144324
In base 12, what is -4 + 9326?
9322
In base 7, what is -4 + -331661?
-331665
In base 9, what is 133 + -6135?
-6002
In base 8, what is -1 - 21004?
-21005
In base 4, what is -133220 + -120?
-200000
In base 5, what is -43101 + 20?
-43031
In base 14, what is 121 - -148b?
15ac
In base 5, what is 2 + -3222003?
-3222001
In base 2, what is -11 - -111111000010?
111110111111
In base 16, what is -40d6 + -7?
-40dd
In base 12, what is 15 + 20a43?
20a58
In base 5, what is -1 - 400440330?
-400440331
In base 10, what is -4 + -9801?
-9805
In base 13, what is 56 + -46?
10
In base 7, what is 152 + 62160?
62342
In base 5, what is -3 + 330444?
330441
In base 11, what is -29024 - -9?
-29016
In base 13, what is -1122 + 45?
-10aa
In base 7, what is -2 - -1623345?
1623343
In base 12, what is -13 - 4a7?
-4ba
In base 5, what is 2302242 - -4?
2302301
In base 8, what is 4 - 17125?
-17121
In base 3, what is -1012222011222 + 2?
-1012222011220
In base 2, what is -1 + -1110110100000?
-1110110100001
In base 5, what is 4213033 - -21?
4213104
In base 14, what is 2 + 132d7?
132d9
In base 9, what is 64487 + 7?
64505
In base 5, what is 12 - 221032?
-221020
In base 3, what is 2 - -101010210012?
101010210021
In base 5, what is 10024 - 10?
10014
In base 12, what is -1 - -3b99?
3b98
In base 4, what is 1030231220 - 1?
1030231213
In base 10, what is -5 + -170999?
-171004
In base 15, what is -1d4d6 - -5?
-1d4d1
In base 9, what is 231747 - 16?
231731
In base 13, what is 34a7 + -5c?
3448
In base 6, what is 204 + -1305?
-1101
In base 12, what is -95a + -a2?
-a40
In base 15, what is -3 - d5a92?
-d5a95
In base 12, what is 482b - -1?
4830
In base 16, what is -20c29e - 3?
-20c2a1
In base 16, what is -2793 + e?
-2785
In base 13, what is -a2a - -518?
-512
In base 2, what is 10010101001 - 111?
10010100010
In base 7, what is 1 - -12345?
12346
In base 7, what is 10 - -632614?
632624
In base 13, what is 3b - 146a?
-142c
In base 3, what is -100120201001122 + 0?
-100120201001122
In base 14, what is 19 - 856d?
-8554
In base 12, what is -20662 + 1a?
-20644
In base 4, what is 10003003 + 10?
10003013
In base 11, what is -47 + 601a?
5a83
In base 4, what is -22 - -120112011?
120111323
In base 11, what is -618 + -366?
-983
In base 6, what is 0 - -113551?
113551
In base 11, what is 606507 + -2?
606505
In base 2, what is 10011 - -11100001100010?
11100001110101
In base 16, what is -9cd + -3e1?
-dae
In base 13, what is ac2 - -56?
b48
In base 2, what is 1101111000111 - -1101101?
1110000110100
In base 16, what is -be442 + 2?
-be440
In base 3, what is 1220012 - 20?
1212222
In base 14, what is 29 + -7ab?
-782
In base 13, what is 17a68 - 6?
17a62
In base 11, what is -1 + -718?
-719
In base 15, what is 2 - -5d46?
5d48
In base 10, what is -50876 + -5?
-50881
In base 5, what is 101 - -22420?
23021
In base 5, what is -32 + 1414020?
1413433
In base 3, what is 112112200010 - -10?
112112200020
In base 2, what is 100111110111 - 1?
100111110110
In base 13, what is 5 + 4c2c?
4c34
In base 11, what is 43 - -112386?
112419
In base 8, what is -37 + -163427?
-163466
In base 15, what is 1d8 + -a2?
136
In base 16, what is -3b0d + -10c?
-3c19
In base 12, what is 933 + 71?
9a4
In base 5, what is 212 - 341310?
-341043
In base 15, what is -4 + 5749?
5745
In base 8, what is 305 + -2045?
-1540
In base 6, what is -2 + -2153031?
-2153033
In base 11, what is 1 + 30849?
3084a
In base 9, what is -208124 - -12?
-208112
In base 2, what is 11110 + 101011010111101?
101011011011011
In base 12, what is 27 - -8b?
b6
In base 15, what is 2 - -29d0?
29d2
In base 6, what is 2053210 - 0?
2053210
In base 12, what is 37a6 - -46?
3830
In base 6, what is -4 + 352223?
352215
In base 6, what is -2050 + 40?
-2010
In base 7, what is 2140436 - -3?
2140442
In base 13, what is -97 - -1491?
13c7
In base 15, what is 78 - 356?
-2cd
In base 5, what is 30 + -214?
-134
In base 16, what is -2 - 1b6f3?
-1b6f5
In base 16, what is -e - -255f?
2551
In base 10, what is -6 - -8272?
8266
In base 13, what is -5 + 9a39?
9a34
In base 9, what is -110 - -10087?
8877
In base 5, what is 20 + -31003?
-30433
In base 9, what is -5868 - 0?
-5868
In base 15, what is 56 + -2e5?
-28e
In base 5, what is 32 - -104440?
110022
In base 15, what is -9 + 1d238?
1d22e
In base 6, what is 1023 + 34?
1101
In base 2, what is -110000001101101010100 + -10?
-110000001101101010110
In base 4, what is 3 + -2230200?
-2230131
In base 7, what is 53443 + 0?
53443
In base 3, what is 1022 - -1020210?
1022002
In base 3, what is 12021 + 2010?
21101
In base 6, what is -4 + 4152352?
4152344
In base 3, what is -10 + 120202111100?
120202111020
In base 4, what is 2022011 + 331?
2023002
In base 3, what is 10 - 1000012102?
-1000012022
In base 4, what is 12230311 + -20?
12230231
In base 7, what is -653460 - 5?
-653465
In base 4, what is -323332 + 220?
-323112
In base 14, what is -5 + 11027?
11022
In base 3, what is 210211000 - -1?
210211001
In base 15, what is 33 + -497?
-464
In base 8, what is 226 - -1323?
1551
In base 13, what is 8427a - -5?
84282
In base 14, what is 28 - -b25?
b4d
In base 6, what is 13440 + 413?
14253
In base 5, what is -20 - -44133?
44113
In base 9, what is -2741474 - 2?
-2741476
In base 7, what is -21 - -2553261?
2553240
In base 3, what is 22011 - 10002?
12002
In base 3, what is -11 - 22011?
-22022
In base 15, what is -2d - ca1?
-cce
In base 8, what is -205031 + -3?
-205034
In base 15, what is -1 + -ebc0?
-ebc1
In base 3, what is 102 + -21110101?
-21102222
In base 5, what is 130022 + -20?
130002
In base 14, what is -a5 + 36?
-6d
In base 16, what is -1c + 20?
4
In base 15, what is 619 - -33?
64c
In base 16, what is 5 + ce0?
ce5
In base 11, what is -4 - -139001?
138aa8
In base 7, what is -1 - 65236?
-65240
In base 5, what is 413223 - 1?
413222
In base 3, what is 111202222 + 12?
111210011
In base 5, what is 224401 - -1?
224402
In base 5, what is 21110140 - 0?
21110140
In base 6, what is -4 - 253222?
-253230
In base 14, what is -32a82d + -5?
-32a834
In base 10, what is 94 + 253?
347
In base 11, what is -10316 + -2?
-10318
In base 4, what is -202021211 - -11?
-202021200
In base 2, what is -11101110 - 10101010?
-110011000
In base 14, what is 299d6 - 1?
299d5
In base 7, what is 6062 - 146?
5613
In bas